{"id":5240,"date":"2023-12-29T16:15:26","date_gmt":"2023-12-29T15:15:26","guid":{"rendered":"https:\/\/paroisse-jean-23.fr\/wp\/?post_type=mec-events&#038;p=5240"},"modified":"2023-12-29T16:15:40","modified_gmt":"2023-12-29T15:15:40","slug":"messe-a-baillargues-10","status":"publish","type":"mec-events","link":"https:\/\/paroisse-jean-23.fr\/wp\/events\/messe-a-baillargues-10\/","title":{"rendered":"Messe \u00e0 Baillargues"},"content":{"rendered":"<p>2\u00e8me Dimanche de Car\u00eame<\/p>\n","protected":false},"excerpt":{"rendered":"<p>2\u00e8me Dimanche de Car\u00eame<span class=\"more-link\"><a href=\"https:\/\/paroisse-jean-23.fr\/wp\/events\/messe-a-baillargues-10\/\">Lire la suite<\/a><\/span><\/p>\n","protected":false},"author":1,"featured_media":59,"comment_status":"open","ping_status":"closed","template":"","tags":[137],"mec_category":[160],"class_list":["entry","author-jean","post-5240","mec-events","type-mec-events","status-publish","has-post-thumbnail","tag-messe-a-baillargues","mec_category-messe-du-week-end"],"_links":{"self":[{"href":"https:\/\/paroisse-jean-23.fr\/wp\/wp-json\/wp\/v2\/mec-events\/5240","targetHints":{"allow":["GET"]}}],"collection":[{"href":"https:\/\/paroisse-jean-23.fr\/wp\/wp-json\/wp\/v2\/mec-events"}],"about":[{"href":"https:\/\/paroisse-jean-23.fr\/wp\/wp-json\/wp\/v2\/types\/mec-events"}],"author":[{"embeddable":true,"href":"https:\/\/paroisse-jean-23.fr\/wp\/wp-json\/wp\/v2\/users\/1"}],"replies":[{"embeddable":true,"href":"https:\/\/paroisse-jean-23.fr\/wp\/wp-json\/wp\/v2\/comments?post=5240"}],"version-history":[{"count":0,"href":"https:\/\/paroisse-jean-23.fr\/wp\/wp-json\/wp\/v2\/mec-events\/5240\/revisions"}],"wp:featuredmedia":[{"embeddable":true,"href":"https:\/\/paroisse-jean-23.fr\/wp\/wp-json\/wp\/v2\/media\/59"}],"wp:attachment":[{"href":"https:\/\/paroisse-jean-23.fr\/wp\/wp-json\/wp\/v2\/media?parent=5240"}],"wp:term":[{"taxonomy":"post_tag","embeddable":true,"href":"https:\/\/paroisse-jean-23.fr\/wp\/wp-json\/wp\/v2\/tags?post=5240"},{"taxonomy":"mec_category","embeddable":true,"href":"https:\/\/paroisse-jean-23.fr\/wp\/wp-json\/wp\/v2\/mec_category?post=5240"}],"curies":[{"name":"wp","href":"https:\/\/api.w.org\/{rel}","templated":true}]}}

Messe à Baillargues

<p>2ème Dimanche de Carême</p>

<p>2ème Dimanche de Carême<span class="more-link"><a href="https://paroisse-jean-23.fr/wp/events/messe-a-baillargues-10/">Lire la suite</a></span></p>
