{"id":5218,"date":"2023-12-29T13:34:09","date_gmt":"2023-12-29T12:34:09","guid":{"rendered":"https:\/\/paroisse-jean-23.fr\/wp\/?post_type=mec-events&#038;p=5218"},"modified":"2023-12-29T13:40:53","modified_gmt":"2023-12-29T12:40:53","slug":"messe-a-baillargues-9","status":"publish","type":"mec-events","link":"https:\/\/paroisse-jean-23.fr\/wp\/events\/messe-a-baillargues-9\/","title":{"rendered":"Messe \u00e0 Baillargues &#8211; F\u00eate de St Julien et Ste Basilisse"},"content":{"rendered":"<p><b>\u00c9piphanie <\/b><\/p>\n","protected":false},"excerpt":{"rendered":"<p>\u00c9piphanie<span class=\"more-link\"><a href=\"https:\/\/paroisse-jean-23.fr\/wp\/events\/messe-a-baillargues-9\/\">Lire la suite<\/a><\/span><\/p>\n","protected":false},"author":1,"featured_media":59,"comment_status":"open","ping_status":"closed","template":"","tags":[137],"mec_category":[160],"class_list":["entry","author-jean","post-5218","mec-events","type-mec-events","status-publish","has-post-thumbnail","tag-messe-a-baillargues","mec_category-messe-du-week-end"],"_links":{"self":[{"href":"https:\/\/paroisse-jean-23.fr\/wp\/wp-json\/wp\/v2\/mec-events\/5218","targetHints":{"allow":["GET"]}}],"collection":[{"href":"https:\/\/paroisse-jean-23.fr\/wp\/wp-json\/wp\/v2\/mec-events"}],"about":[{"href":"https:\/\/paroisse-jean-23.fr\/wp\/wp-json\/wp\/v2\/types\/mec-events"}],"author":[{"embeddable":true,"href":"https:\/\/paroisse-jean-23.fr\/wp\/wp-json\/wp\/v2\/users\/1"}],"replies":[{"embeddable":true,"href":"https:\/\/paroisse-jean-23.fr\/wp\/wp-json\/wp\/v2\/comments?post=5218"}],"version-history":[{"count":0,"href":"https:\/\/paroisse-jean-23.fr\/wp\/wp-json\/wp\/v2\/mec-events\/5218\/revisions"}],"wp:featuredmedia":[{"embeddable":true,"href":"https:\/\/paroisse-jean-23.fr\/wp\/wp-json\/wp\/v2\/media\/59"}],"wp:attachment":[{"href":"https:\/\/paroisse-jean-23.fr\/wp\/wp-json\/wp\/v2\/media?parent=5218"}],"wp:term":[{"taxonomy":"post_tag","embeddable":true,"href":"https:\/\/paroisse-jean-23.fr\/wp\/wp-json\/wp\/v2\/tags?post=5218"},{"taxonomy":"mec_category","embeddable":true,"href":"https:\/\/paroisse-jean-23.fr\/wp\/wp-json\/wp\/v2\/mec_category?post=5218"}],"curies":[{"name":"wp","href":"https:\/\/api.w.org\/{rel}","templated":true}]}}

Messe à Baillargues &#8211; Fête de St Julien et Ste Basilisse

<p><b>Épiphanie </b></p>

<p>Épiphanie<span class="more-link"><a href="https://paroisse-jean-23.fr/wp/events/messe-a-baillargues-9/">Lire la suite</a></span></p>
