{"id":5124,"date":"2023-10-30T12:38:05","date_gmt":"2023-10-30T11:38:05","guid":{"rendered":"https:\/\/paroisse-jean-23.fr\/wp\/?post_type=mec-events&#038;p=5124"},"modified":"2023-10-30T12:47:35","modified_gmt":"2023-10-30T11:47:35","slug":"messe-de-noel-a-saint-genies-des-mourgues-2","status":"publish","type":"mec-events","link":"https:\/\/paroisse-jean-23.fr\/wp\/events\/messe-de-noel-a-saint-genies-des-mourgues-2\/","title":{"rendered":"Messe de No\u00ebl \u00e0 Saint-Geni\u00e8s-des-Mourgues"},"content":{"rendered":"<p>Veill\u00e9e de No\u00ebl<\/p>\n","protected":false},"excerpt":{"rendered":"<p>Veill\u00e9e de No\u00ebl<span class=\"more-link\"><a href=\"https:\/\/paroisse-jean-23.fr\/wp\/events\/messe-de-noel-a-saint-genies-des-mourgues-2\/\">Lire la suite<\/a><\/span><\/p>\n","protected":false},"author":1,"featured_media":4301,"comment_status":"open","ping_status":"closed","template":"","tags":[404],"mec_category":[330],"class_list":["entry","author-jean","post-5124","mec-events","type-mec-events","status-publish","has-post-thumbnail","tag-messe-a-saint-genies-des-mourgues","mec_category-evenements"],"_links":{"self":[{"href":"https:\/\/paroisse-jean-23.fr\/wp\/wp-json\/wp\/v2\/mec-events\/5124","targetHints":{"allow":["GET"]}}],"collection":[{"href":"https:\/\/paroisse-jean-23.fr\/wp\/wp-json\/wp\/v2\/mec-events"}],"about":[{"href":"https:\/\/paroisse-jean-23.fr\/wp\/wp-json\/wp\/v2\/types\/mec-events"}],"author":[{"embeddable":true,"href":"https:\/\/paroisse-jean-23.fr\/wp\/wp-json\/wp\/v2\/users\/1"}],"replies":[{"embeddable":true,"href":"https:\/\/paroisse-jean-23.fr\/wp\/wp-json\/wp\/v2\/comments?post=5124"}],"version-history":[{"count":0,"href":"https:\/\/paroisse-jean-23.fr\/wp\/wp-json\/wp\/v2\/mec-events\/5124\/revisions"}],"wp:featuredmedia":[{"embeddable":true,"href":"https:\/\/paroisse-jean-23.fr\/wp\/wp-json\/wp\/v2\/media\/4301"}],"wp:attachment":[{"href":"https:\/\/paroisse-jean-23.fr\/wp\/wp-json\/wp\/v2\/media?parent=5124"}],"wp:term":[{"taxonomy":"post_tag","embeddable":true,"href":"https:\/\/paroisse-jean-23.fr\/wp\/wp-json\/wp\/v2\/tags?post=5124"},{"taxonomy":"mec_category","embeddable":true,"href":"https:\/\/paroisse-jean-23.fr\/wp\/wp-json\/wp\/v2\/mec_category?post=5124"}],"curies":[{"name":"wp","href":"https:\/\/api.w.org\/{rel}","templated":true}]}}

Messe de Noël à Saint-Geniès-des-Mourgues

<p>Veillée de Noël</p>

<p>Veillée de Noël<span class="more-link"><a href="https://paroisse-jean-23.fr/wp/events/messe-de-noel-a-saint-genies-des-mourgues-2/">Lire la suite</a></span></p>
